{"id":686,"date":"2022-09-08T11:39:08","date_gmt":"2022-09-08T11:39:08","guid":{"rendered":"https:\/\/teknoplan.com.tr\/makine\/?page_id=686"},"modified":"2022-09-27T21:47:10","modified_gmt":"2022-09-27T21:47:10","slug":"referanslar","status":"publish","type":"page","link":"https:\/\/teknoplan.com.tr\/makine\/referanslar\/","title":{"rendered":"Referanslar"},"content":{"rendered":"<div  class=\"wp-block-ultimate-post-post-grid-1 ultp-block-6e503b\"><div class=\"ultp-block-wrapper\"><div class=\"ultp-loading\"><div class=\"ultp-loading-blocks\" style=\"width:100%;height:100%;\"><div style=\"left: 0;top: 0;animation-delay:0s;\"><\/div><div style=\"left: 21px;top: 0;animation-delay:0.125s;\"><\/div><div style=\"left: 42px;top: 0;animation-delay:0.25s;\"><\/div><div style=\"left: 0;top: 21px;animation-delay:0.875s;\"><\/div><div style=\"left: 42px;top: 21px;animation-delay:0.375s;\"><\/div><div style=\"left: 0;top: 42px;animation-delay:0.75s;\"><\/div><div style=\"left: 42px;top: 42px;animation-delay:0.625s;\"><\/div><div style=\"left: 21px;top: 42px;animation-delay:0.5s;\"><\/div><\/div><\/div><div class=\"ultp-block-items-wrap ultp-block-row ultp-pg1a-style1 ultp-block-column-6 ultp-layout1\"><div class=\"ultp-block-item post-id-1539\"><div class=\"ultp-block-content-wrap\"><div class=\"ultp-block-image ultp-block-image-zoomIn\"><a href=\"https:\/\/teknoplan.com.tr\/makine\/yildiz-demir-celik-2\/\" ><img  alt=\"Y\u0131ld\u0131z Demir \u00c7elik\"  src=\"https:\/\/teknoplan.com.tr\/makine\/wp-content\/uploads\/sites\/6\/2022\/09\/yildiz-demir-celik.png\" \/><\/a><\/div><div class=\"ultp-block-content\"><\/div><\/div><\/div><div class=\"ultp-block-item post-id-1421\"><div class=\"ultp-block-content-wrap\"><div class=\"ultp-block-image ultp-block-image-zoomIn\"><a href=\"https:\/\/teknoplan.com.tr\/makine\/reinhold-schmitt\/\" ><img  alt=\"Reinhold Schmitt\"  src=\"https:\/\/teknoplan.com.tr\/makine\/wp-content\/uploads\/sites\/6\/2022\/09\/reinhold-schmitt-300x76.png\" \/><\/a><\/div><div class=\"ultp-block-content\"><\/div><\/div><\/div><div class=\"ultp-block-item post-id-1418\"><div class=\"ultp-block-content-wrap\"><div class=\"ultp-block-image ultp-block-image-zoomIn\"><a href=\"https:\/\/teknoplan.com.tr\/makine\/unallar-metal\/\" ><img  alt=\"Ankara \u00dcnallar Metal\"  src=\"https:\/\/teknoplan.com.tr\/makine\/wp-content\/uploads\/sites\/6\/2022\/09\/logo-unallar-300x122.png\" \/><\/a><\/div><div class=\"ultp-block-content\"><\/div><\/div><\/div><div class=\"ultp-block-item post-id-1409\"><div class=\"ultp-block-content-wrap\"><div class=\"ultp-block-image ultp-block-image-zoomIn\"><a href=\"https:\/\/teknoplan.com.tr\/makine\/rzk-celik\/\" ><img  alt=\"Rzk \u00c7elik\"  src=\"https:\/\/teknoplan.com.tr\/makine\/wp-content\/uploads\/sites\/6\/2022\/09\/rzk-celik.png\" \/><\/a><\/div><div class=\"ultp-block-content\"><\/div><\/div><\/div><div class=\"ultp-block-item post-id-1404\"><div class=\"ultp-block-content-wrap\"><div class=\"ultp-block-image ultp-block-image-zoomIn\"><a href=\"https:\/\/teknoplan.com.tr\/makine\/cemsan\/\" ><img  alt=\"\u00c7emsan\"  src=\"https:\/\/teknoplan.com.tr\/makine\/wp-content\/uploads\/sites\/6\/2022\/09\/cemsan-300x111.png\" \/><\/a><\/div><div class=\"ultp-block-content\"><\/div><\/div><\/div><div class=\"ultp-block-item post-id-1400\"><div class=\"ultp-block-content-wrap\"><div class=\"ultp-block-image ultp-block-image-zoomIn\"><a href=\"https:\/\/teknoplan.com.tr\/makine\/isdemir\/\" ><img  alt=\"\u0130sdemir\"  src=\"https:\/\/teknoplan.com.tr\/makine\/wp-content\/uploads\/sites\/6\/2022\/09\/Isdemir_Logo-300x196.png\" \/><\/a><\/div><div class=\"ultp-block-content\"><\/div><\/div><\/div><div class=\"ultp-block-item post-id-1397\"><div class=\"ultp-block-content-wrap\"><div class=\"ultp-block-image ultp-block-image-zoomIn\"><a href=\"https:\/\/teknoplan.com.tr\/makine\/ersem\/\" ><img  alt=\"Ersem\"  src=\"https:\/\/teknoplan.com.tr\/makine\/wp-content\/uploads\/sites\/6\/2022\/09\/ersem-300x132.png\" \/><\/a><\/div><div class=\"ultp-block-content\"><\/div><\/div><\/div><div class=\"ultp-block-item post-id-1097\"><div class=\"ultp-block-content-wrap\"><div class=\"ultp-block-image ultp-block-image-zoomIn\"><a href=\"https:\/\/teknoplan.com.tr\/makine\/erdemir\/\" ><img  alt=\"Erdemir\"  src=\"https:\/\/teknoplan.com.tr\/makine\/wp-content\/uploads\/sites\/6\/2022\/09\/erdemir1-300x187-1-300x300.jpg\" \/><\/a><\/div><div class=\"ultp-block-content\"><\/div><\/div><\/div><div class=\"ultp-block-item post-id-907\"><div class=\"ultp-block-content-wrap\"><div class=\"ultp-block-image ultp-block-image-zoomIn\"><a href=\"https:\/\/teknoplan.com.tr\/makine\/alcos\/\" ><img  alt=\"Alcos\"  src=\"https:\/\/teknoplan.com.tr\/makine\/wp-content\/uploads\/sites\/6\/2020\/11\/alcos-300x188.gif\" \/><\/a><\/div><div class=\"ultp-block-content\"><\/div><\/div><\/div><div class=\"ultp-block-item post-id-900\"><div class=\"ultp-block-content-wrap\"><div class=\"ultp-block-image ultp-block-image-zoomIn\"><a href=\"https:\/\/teknoplan.com.tr\/makine\/cepas\/\" ><img  alt=\"\u00c7epa\u015f\"  src=\"https:\/\/teknoplan.com.tr\/makine\/wp-content\/uploads\/sites\/6\/2022\/09\/cepas-300x187-1.jpg\" \/><\/a><\/div><div class=\"ultp-block-content\"><\/div><\/div><\/div><div class=\"ultp-block-item post-id-873\"><div class=\"ultp-block-content-wrap\"><div class=\"ultp-block-image ultp-block-image-zoomIn\"><a href=\"https:\/\/teknoplan.com.tr\/makine\/tatmetal\/\" ><img  alt=\"Tatmetal\"  src=\"https:\/\/teknoplan.com.tr\/makine\/wp-content\/uploads\/sites\/6\/2022\/09\/tat_metal-300x300.jpg\" \/><\/a><\/div><div class=\"ultp-block-content\"><\/div><\/div><\/div><div class=\"ultp-block-item post-id-870\"><div class=\"ultp-block-content-wrap\"><div class=\"ultp-block-image ultp-block-image-zoomIn\"><a href=\"https:\/\/teknoplan.com.tr\/makine\/toscelik\/\" ><img  alt=\"Tos\u00e7elik\"  src=\"https:\/\/teknoplan.com.tr\/makine\/wp-content\/uploads\/sites\/6\/2022\/09\/toscelik.png\" \/><\/a><\/div><div class=\"ultp-block-content\"><\/div><\/div><\/div><div class=\"ultp-block-item post-id-781\"><div class=\"ultp-block-content-wrap\"><div class=\"ultp-block-image ultp-block-image-zoomIn\"><a href=\"https:\/\/teknoplan.com.tr\/makine\/schutz\/\" ><img  alt=\"Sch\u00fctz\"  src=\"https:\/\/teknoplan.com.tr\/makine\/wp-content\/uploads\/sites\/6\/2022\/09\/schuetz_logo-300x187-2-300x300.png\" \/><\/a><\/div><div class=\"ultp-block-content\"><\/div><\/div><\/div><div class=\"ultp-block-item post-id-691\"><div class=\"ultp-block-content-wrap\"><div class=\"ultp-block-image ultp-block-image-zoomIn\"><a href=\"https:\/\/teknoplan.com.tr\/makine\/kardemir-referans\/\" ><img  alt=\"Kardemir\"  src=\"https:\/\/teknoplan.com.tr\/makine\/wp-content\/uploads\/sites\/6\/2020\/11\/Kardemir-300x188.gif\" \/><\/a><\/div><div class=\"ultp-block-content\"><\/div><\/div><\/div><\/div><\/div><\/div>\n\n\n<p><\/p>\n","protected":false},"excerpt":{"rendered":"","protected":false},"author":1,"featured_media":669,"parent":0,"menu_order":0,"comment_status":"closed","ping_status":"closed","template":"","meta":[],"_links":{"self":[{"href":"https:\/\/teknoplan.com.tr\/makine\/wp-json\/wp\/v2\/pages\/686"}],"collection":[{"href":"https:\/\/teknoplan.com.tr\/makine\/wp-json\/wp\/v2\/pages"}],"about":[{"href":"https:\/\/teknoplan.com.tr\/makine\/wp-json\/wp\/v2\/types\/page"}],"author":[{"embeddable":true,"href":"https:\/\/teknoplan.com.tr\/makine\/wp-json\/wp\/v2\/users\/1"}],"replies":[{"embeddable":true,"href":"https:\/\/teknoplan.com.tr\/makine\/wp-json\/wp\/v2\/comments?post=686"}],"version-history":[{"count":31,"href":"https:\/\/teknoplan.com.tr\/makine\/wp-json\/wp\/v2\/pages\/686\/revisions"}],"predecessor-version":[{"id":1426,"href":"https:\/\/teknoplan.com.tr\/makine\/wp-json\/wp\/v2\/pages\/686\/revisions\/1426"}],"wp:featuredmedia":[{"embeddable":true,"href":"https:\/\/teknoplan.com.tr\/makine\/wp-json\/wp\/v2\/media\/669"}],"wp:attachment":[{"href":"https:\/\/teknoplan.com.tr\/makine\/wp-json\/wp\/v2\/media?parent=686"}],"curies":[{"name":"wp","href":"https:\/\/api.w.org\/{rel}","templated":true}]}}