{"id":1531,"date":"2022-10-01T07:47:23","date_gmt":"2022-10-01T07:47:23","guid":{"rendered":"https:\/\/teknoplan.com.tr\/makine\/?page_id=1531"},"modified":"2022-10-01T11:11:29","modified_gmt":"2022-10-01T11:11:29","slug":"rulman-yikama-sistemi","status":"publish","type":"page","link":"https:\/\/teknoplan.com.tr\/makine\/rulman-yikama-sistemi\/","title":{"rendered":"Rulman Y\u0131kama Sistemi"},"content":{"rendered":"\n<div class=\"wp-container-3 wp-block-columns\">\n<div class=\"wp-container-1 wp-block-column\" style=\"flex-basis:40%\">\n<figure class=\"wp-block-image size-full is-resized\"><img loading=\"lazy\" src=\"https:\/\/teknoplan.com.tr\/makine\/wp-content\/uploads\/sites\/6\/2022\/06\/rulman-yikama.jpg\" alt=\"\" class=\"wp-image-587\" width=\"465\" height=\"349\" srcset=\"https:\/\/teknoplan.com.tr\/makine\/wp-content\/uploads\/sites\/6\/2022\/06\/rulman-yikama.jpg 1024w, https:\/\/teknoplan.com.tr\/makine\/wp-content\/uploads\/sites\/6\/2022\/06\/rulman-yikama-300x225.jpg 300w, https:\/\/teknoplan.com.tr\/makine\/wp-content\/uploads\/sites\/6\/2022\/06\/rulman-yikama-768x576.jpg 768w\" sizes=\"(max-width: 465px) 100vw, 465px\" \/><\/figure>\n<\/div>\n\n\n\n<div class=\"wp-container-2 wp-block-column\" style=\"flex-basis:60%\">\n<p>Demir \u00c7elik Sekt\u00f6r\u00fcne \u00e7\u00f6z\u00fcmler \u00fcreten firma olarak i\u015fleyi\u015fler de ya\u015fanan gecikmeler b\u00fct\u00fcn prosesi etkilemesi dolay\u0131s\u0131yla \u00fcretimi geciktirmektedir. Bunun \u00f6n\u00fcne ge\u00e7ilebilmesi ad\u0131na geli\u015ftirmi\u015f oldu\u011fumuz Hadde Merdaneleri, Yataklar\u0131n\u0131n temizlenmesi manuel y\u00f6ntemlerle ve kimyasal kullan\u0131lmas\u0131ndan dolay\u0131 riskler i\u00e7ermekteydi. Zaman, maliyet ve riskleri ortadan kald\u0131rd\u0131\u011f\u0131m\u0131z bir \u00fcniteyi Demir-\u00c7elik sekt\u00f6r\u00fcne kazand\u0131rm\u0131\u015f bulunmaktay\u0131z.<\/p>\n<\/div>\n<\/div>\n","protected":false},"excerpt":{"rendered":"<p>Demir \u00c7elik Sekt\u00f6r\u00fcne \u00e7\u00f6z\u00fcmler \u00fcreten firma olarak i\u015fleyi\u015fler de ya\u015fanan gecikmeler b\u00fct\u00fcn prosesi etkilemesi dolay\u0131s\u0131yla \u00fcretimi geciktirmektedir. Bunun \u00f6n\u00fcne ge\u00e7ilebilmesi ad\u0131na geli\u015ftirmi\u015f oldu\u011fumuz Hadde Merdaneleri, Yataklar\u0131n\u0131n temizlenmesi manuel y\u00f6ntemlerle ve kimyasal kullan\u0131lmas\u0131ndan dolay\u0131 riskler i\u00e7ermekteydi. Zaman, maliyet ve riskleri ortadan kald\u0131rd\u0131\u011f\u0131m\u0131z bir \u00fcniteyi Demir-\u00c7elik sekt\u00f6r\u00fcne kazand\u0131rm\u0131\u015f bulunmaktay\u0131z.<\/p>\n","protected":false},"author":1,"featured_media":585,"parent":0,"menu_order":0,"comment_status":"closed","ping_status":"closed","template":"","meta":[],"_links":{"self":[{"href":"https:\/\/teknoplan.com.tr\/makine\/wp-json\/wp\/v2\/pages\/1531"}],"collection":[{"href":"https:\/\/teknoplan.com.tr\/makine\/wp-json\/wp\/v2\/pages"}],"about":[{"href":"https:\/\/teknoplan.com.tr\/makine\/wp-json\/wp\/v2\/types\/page"}],"author":[{"embeddable":true,"href":"https:\/\/teknoplan.com.tr\/makine\/wp-json\/wp\/v2\/users\/1"}],"replies":[{"embeddable":true,"href":"https:\/\/teknoplan.com.tr\/makine\/wp-json\/wp\/v2\/comments?post=1531"}],"version-history":[{"count":3,"href":"https:\/\/teknoplan.com.tr\/makine\/wp-json\/wp\/v2\/pages\/1531\/revisions"}],"predecessor-version":[{"id":1543,"href":"https:\/\/teknoplan.com.tr\/makine\/wp-json\/wp\/v2\/pages\/1531\/revisions\/1543"}],"wp:featuredmedia":[{"embeddable":true,"href":"https:\/\/teknoplan.com.tr\/makine\/wp-json\/wp\/v2\/media\/585"}],"wp:attachment":[{"href":"https:\/\/teknoplan.com.tr\/makine\/wp-json\/wp\/v2\/media?parent=1531"}],"curies":[{"name":"wp","href":"https:\/\/api.w.org\/{rel}","templated":true}]}}